s the remainder when 2445 is divided by 12?
9
What is the remainder when 41 is divided by 6?
5
Calculate the remainder when 64 is divided by 47.
17
Calculate the remainder when 288 is divided by 73.
69
Calculate the remainder when 734 is divided by 67.
64
What is the remainder when 9 is divided by 9?
0
Calculate the remainder when 545 is divided by 7.
6
Calculate the remainder when 859 is divided by 216.
211
What is the remainder when 16 is divided by 11?
5
What is the remainder when 1781 is divided by 39?
26
What is the remainder when 4617 is divided by 105?
102
What is the remainder when 401 is divided by 67?
66
What is the remainder when 253 is divided by 64?
61
Calculate the remainder when 124 is divided by 33.
25
Calculate the remainder when 89 is divided by 30.
29
What is the remainder when 72 is divided by 29?
14
Calculate the remainder when 44 is divided by 37.
7
What is the remainder when 1449 is divided by 44?
41
What is the remainder when 222 is divided by 28?
26
Calculate the remainder when 109 is divided by 22.
21
Calculate the remainder when 7017 is divided by 39.
36
Calculate the remainder when 7796 is divided by 50.
46
What is the remainder when 892 is divided by 113?
101
What is the remainder when 65 is divided by 15?
5
What is the remainder when 343 is divided by 14?
7
Calculate the remainder when 80 is divided by 40.
0
What is the remainder when 2029 is divided by 17?
6
Calculate the remainder when 242 is divided by 61.
59
What is the remainder when 910 is divided by 281?
67
What is the remainder when 250 is divided by 23?
20
Calculate the remainder when 61861 is divided by 11.
8
Calculate the remainder when 73 is divided by 28.
17
What is the remainder when 1022 is divided by 84?
14
What is the remainder when 191 is divided by 38?
1
Calculate the remainder when 7758 is divided by 199.
196
What is the remainder when 166 is divided by 41?
2
What is the remainder when 12876 is divided by 47?
45
What is the remainder when 1803 is divided by 26?
9
Calculate the remainder when 335 is divided by 34.
29
What is the remainder when 410 is divided by 186?
38
Calculate the remainder when 5800 is divided by 20.
0
What is the remainder when 217 is divided by 27?
1
Calculate the remainder when 151 is divided by 82.
69
What is the remainder when 136 is divided by 59?
18
Calculate the remainder when 6797 is divided by 13.
11
Calculate the remainder when 447 is divided by 115.
102
Calculate the remainder when 2314 is divided by 12.
10
Calculate the remainder when 1013 is divided by 18.
5
Calculate the remainder when 647 is divided by 59.
57
What is the remainder when 10214 is divided by 269?
261
What is the remainder when 314 is divided by 15?
14
What is the remainder when 9701 is divided by 66?
65
What is the remainder when 70 is divided by 27?
16
What is the remainder when 45 is divided by 8?
5
What is the remainder when 418 is divided by 51?
10
Calculate the remainder when 2749 is divided by 16.
13
What is the remainder when 6624 is divided by 1655?
4
Calculate the remainder when 3566 is divided by 43.
40
What is the remainder when 389 is divided by 23?
21
Calculate the remainder when 176 is divided by 106.
70
Calculate the remainder when 136 is divided by 64.
8
What is the remainder when 729 is divided by 70?
29
Calculate the remainder when 444 is divided by 220.
4
Calculate the remainder when 42 is divided by 37.
5
Calculate the remainder when 755 is divided by 7.
6
Calculate the remainder when 195 is divided by 79.
37
Calculate the remainder when 8543 is divided by 83.
77
Calculate the remainder when 2409 is divided by 19.
15
Calculate the remainder when 193 is divided by 163.
30
Calculate the remainder when 4101 is divided by 171.
168
What is the remainder when 76 is divided by 40?
36
What is the remainder when 1009 is divided by 97?
39
Calculate the remainder when 86 is divided by 38.
10
What is the remainder when 462 is divided by 79?
67
What is the remainder when 1737 is divided by 29?
26
Calculate the remainder when 6 is divided by 6.
0
Calculate the remainder when 629 is divided by 167.
128
Calculate the remainder when 964 is divided by 200.
164
Calculate the remainder when 1511 is divided by 84.
83
What is the remainder when 184 is divided by 93?
91
What is the remainder when 72 is divided by 8?
0
What is the remainder when 858 is divided by 24?
18
Calculate the remainder when 3419 is divided by 38.
37
Calculate the remainder when 870 is divided by 23.
19
What is the remainder when 508 is divided by 32?
28
Calculate the remainder when 430 is divided by 67.
28
Calculate the remainder when 214 is divided by 119.
95
Calculate the remainder when 699 is divided by 143.
127
What is the remainder when 40 is divided by 4?
0
Calculate the remainder when 53405 is divided by 138.
137
Calculate the remainder when 230 is divided by 7.
6
Calculate the remainder when 147 is divided by 25.
22
What is the remainder when 37 is divided by 25?
12
What is the remainder when 182 is divided by 46?
44
Calculate the remainder when 202 is divided by 65.
7
Calculate the remainder when 37 is divided by 27.
10
What is the remainder when 223 is divided by 58?
49
Calculate the remainder when 5873 is divided by 267.
266
What is the remainder when 413 is divided by 52?
49
Calculate the remainder when 141 is divided by 12.
9
Calculate the remainder when 1033 is divided by 173.
168
Calculate the remainder when 1115 is divided by 281.
272
What is the remainder when 3316 is divided by 40?
36
What is the remainder when 565 is divided by 63?
61
Calculate the remainder when 41 is divided by 3.
2
What is the remainder when 55 is divided by 31?
24
Calculate the remainder when 224 is divided by 148.
76
Calculate the remainder when 797 is divided by 38.
37
What is the remainder when 83840 is divided by 37?
35
What is the remainder when 420 is divided by 108?
96
Calculate the remainder when 289 is divided by 29.
28
Calculate the remainder when 709 is divided by 611.
98
What is the remainder when 486 is divided by 29?
22
Calculate the remainder when 121 is divided by 25.
21
Calculate the remainder when 472 is divided by 154.
10
What is the remainder when 324 is divided by 14?
2
Calculate the remainder when 654 is divided by 83.
73
Calculate the remainder when 1970 is divided by 47.
43
What is the remainder when 1707 is divided by 340?
7
What is the remainder when 7588 is divided by 110?
108
Calculate the remainder when 63 is divided by 5.
3
Calculate the remainder when 584 is divided by 102.
74
What is the remainder when 91 is divided by 2?
1
What is the remainder when 236 is divided by 59?
0
Calculate the remainder when 112 is divided by 24.
16
What is the remainder when 4735 is divided by 74?
73
What is the remainder when 693 is divided by 4?
1
What is the remainder when 1037 is divided by 47?
3
What is the remainder when 391 is divided by 121?
28
Calculate the remainder when 1154 is divided by 129.
122
What is the remainder when 151 is divided by 8?
7
What is the remainder when 65 is divided by 14?
9
Calculate the remainder when 748 is divided by 151.
144
Calculate the remainder when 913 is divided by 61.
59
Calculate the remainder when 315 is divided by 18.
9
Calculate the remainder when 670 is divided by 21.
19
What is the remainder when 501 is divided by 6?
3
Calculate the remainder when 295 is divided by 6.
1
Calculate the remainder when 352 is divided by 143.
66
Calculate the remainder when 104 is divided by 72.
32
Calculate the remainder when 1241 is divided by 610.
21
Calculate the remainder when 2965 is divided by 436.
349
What is the remainder when 492 is divided by 45?
42
What is the remainder when 970 is divided by 13?
8
Calculate the remainder when 9682 is divided by 23.
22
What is the remainder when 278 is divided by 73?
59
What is the remainder when 3590 is divided by 189?
188
Calculate the remainder when 90 is divided by 31.
28
Calculate the remainder when 4568 is divided by 61.
54
What is the remainder when 82 is divided by 13?
4
Calculate the remainder when 463 is divided by 153.
4
Calculate the remainder when 174 is divided by 125.
49
What is the remainder when 114 is divided by 21?
9
Calculate the remainder when 443 is divided by 108.
11
Calculate